*2 + 87*y - 257. Let k be m(3). Suppose -4*z = -59 - 189. Calculate the greatest common factor of z and k.
31
Suppose 0*j + 5*j + 4*y = 35, -2*y = -4*j + 28. Suppose 235 = 5*d - 4*v - v, 3*d = 5*v + 143. Let c = d + -11. What is the highest common factor of c and j?
7
Let r = 7 + 67. Let d = 90 - r. Calculate the highest common divisor of d and 16.
16
Suppose -6*a - 5772 = -14508. Calculate the highest common divisor of a and 91.
91
Let w(m) = -11*m - 43. Let v be w(-4). Let p(f) = f - 1. Let h be p(1). Let x be (h + 22)/(v*2). Calculate the highest common divisor of 77 and x.
11
Let p(v) be the third derivative of -v**4/6 + 8*v**3 - 11*v**2. Let i be p(-8). What is the highest common factor of i and 32?
16
Let y(m) = 2*m + 26. Let r be (21/9 + 1)*-3. Let p be y(r). Calculate the highest common divisor of p and 54.
6
Let f be ((-11)/((-715)/(-351)))/(3/(-50)). Let a be ((-12)/10)/(2/(-30)). What is the greatest common divisor of f and a?
18
Suppose 0 = -463*p + 464*p - 14. Calculate the highest common divisor of 20 and p.
2
Let p be (-1 - 1/2)*(-40)/15. Suppose 0*k - 2*k + p = 0. Suppose 4*b = 5*n + 6 - 44, 5*n = 3*b + 41. What is the greatest common divisor of n and k?
2
Let v(i) = -i**3 + i**2 - 3*i - 2. Let w be v(-2). Suppose -7*n + w = -5*n. What is the highest common divisor of n and 1?
1
Let c = -197 - -269. What is the greatest common divisor of c and 60?
12
Suppose 2*d = 2*g + 8, 2*g + 2*g + 6 = 2*d. Let j be 3*g/6*0. Suppose 3*u + 30 = 2*t - j*u, -22 = -t + 5*u. Calculate the greatest common divisor of 6 and t.
6
Let c(h) be the first derivative of h**3 - h**2 + h + 4. Let d be c(2). What is the highest common divisor of 45 and d?
9
Suppose 6 = l - 4*z, z - 39 = -4*l + 2. Calculate the highest common factor of l and 70.
10
Let z(t) = 55*t**2 - 2*t - 1. Let d be z(-1). Let b be 24*9/36 - -1. What is the greatest common factor of d and b?
7
Suppose 9*w - 280 - 1592 = 0. What is the greatest common factor of 16 and w?
16
Let a(d) = -2*d**3. Let l(g) = g**3 + 6*g**2 - 6*g + 6. Let r be l(-7). Let z be a(r). What is the highest common factor of z and 2?
2
Let b(s) = -2*s**2 - 48*s - 41. Let z be b(-23). Calculate the highest common divisor of z and 5.
5
Suppose 5*a - 129 - 59 = 4*q, a - 42 = 3*q. Suppose 6*x - 12*x = -540. What is the greatest common factor of x and a?
18
Suppose 58*n + 1212 = 61*n. What is the highest common divisor of 909 and n?
101
Let l(o) = 2*o - 24. Let s be l(16). Let w = s + -6. Suppose 38 = 5*p - w. Calculate the greatest common factor of p and 64.
8
Suppose 44*z - 43*z - 21 = 0. What is the greatest common divisor of z and 609?
21
Suppose -684 = -7*k - 5*k. Calculate the highest common divisor of 76 and k.
19
Let v be 42/9*86*27/21. What is the highest common factor of v and 12?
12
Let i = 29 - 211. Let j be i/(-49) - 4/(-14). Suppose 200 = p + j*p. Calculate the highest common factor of p and 60.
20
Let j be 33/((-322)/82 - -4). Calculate the highest common factor of j and 22.
11
Let i be 66/(-143) - (-656)/13. What is the highest common factor of i and 1150?
50
Suppose 53 = 4*y - 31. Suppose 2*z = 15 + y. What is the greatest common divisor of 9 and z?
9
Suppose s - 7*d - 9 = -3*d, -5 = 5*d. Suppose 40 = s*v - 3*b, 2*v - 7*v = 5*b. Calculate the highest common divisor of 20 and v.
5
Let j(i) be the third derivative of 19/6*i**3 + 1/60*i**5 + 0 + 0*i - 1/4*i**4 + 10*i**2. Let l be j(13). What is the greatest common divisor of 44 and l?
22
Suppose 0 = -9*a - 184 - 185. Let d = a + 78. Calculate the greatest common divisor of 148 and d.
37
Let g be 530/12 + 2/(-12). Let k = g + 0. Let l be ((-18)/(-12))/(1/k). What is the highest common factor of l and 6?
6
Let y(k) = 2*k + 3 - 9*k - 1 - 5. Let b be y(-4). Let j = 40 - b. Calculate the greatest common factor of 3 and j.
3
Suppose -29 = -h - 27. Let y be 4/6*(-6)/(-4). Calculate the greatest common factor of y and h.
1
Let t(i) = 2*i - 2. Let v be t(3). Let j be -1 - (-2 + -2 - -92). Let y = 125 + j. What is the highest common factor of v and y?
4
Let u = -3045 - -4606. Calculate the highest common divisor of 7 and u.
7
Let u(x) = 68*x - 132. Let a be u(17). What is the greatest common divisor of a and 64?
64
Let h = 97 + -68. Let l = -146 - -349. Suppose 0 = m, -3*m = -0*t + t - l. Calculate the greatest common factor of t and h.
29
Let h(k) = -2*k**3 - k**2 + k + 2. Let b = 15 - -7. Let w = b + -24. Let p be h(w). What is the greatest common factor of 12 and p?
12
Suppose -3*m = 4*h - 9, 0 = -5*h + 2*h - 4*m + 5. Suppose h - 33 = 2*n. Let f = -12 - n. What is the greatest common factor of 9 and f?
3
Let m be (11 + -10)/(1/(-3))*-28. What is the highest common factor of 392 and m?
28
Let f = 645 + -357. What is the highest common divisor of f and 216?
72
Suppose 25*m - 30*m = -780. Suppose 0 = 32*w - 38*w + m. Calculate the highest common divisor of 13 and w.
13
Suppose 3*f = 2*f + 14. Let a = 5 + -2. Let q be (a - 1 - 9)*-1. Calculate the highest common factor of f and q.
7
Let g be (1/1)/(5 + 192/(-39)). Suppose l - 35 = -4*x, -4*x - g - 27 = -4*l. Calculate the greatest common factor of l and 105.
15
Suppose 0 = -8*b + 6*b. Suppose b = -2*x + 99 - 9. Let l = -32 + x. Calculate the highest common factor of l and 104.
13
Let d(v) = 32 - 11 + 39 - 5*v + 3*v. Let l be d(19). What is the highest common divisor of 22 and l?
22
Suppose -2*g - 33 = -k, 2*g - 5*k + k = -30. Let u = -6 - g. Suppose -33 = a - 2*a. What is the greatest common factor of u and a?
11
Suppose -3*n - 5*b + 111 = 0, 18*b - 17*b = n - 37. Calculate the greatest common factor of 148 and n.
37
Let x(j) = -8*j - 10. Let t be x(-3). Let k = -19 + 45. Let w = k - t. Calculate the highest common factor of 6 and w.
6
Let q = 0 + -3. Let c = -53 + 56. Let y = c - q. What is the greatest common divisor of y and 6?
6
Suppose p - 14 = -4*i + i, 5*p - 36 = 2*i. Calculate the greatest common divisor of 50 and p.
2
Suppose -t = 2*b + 3, t + 4 + 4 = 3*b. Let j = 16 - 56. Let g be t/(4/j*2). What is the greatest common divisor of 5 and g?
5
Suppose 0*d - t - 52 = -2*d, 0 = -4*d + t + 108. Let l = d - -16. Calculate the highest common divisor of l and 4.
4
Suppose -14*y + 315 = y. What is the greatest common divisor of 96 and y?
3
Suppose -3*z = 3*f - 2*f + 5, -6 = -4*f + z. Suppose 0 = -2*v + f + 17. What is the greatest common divisor of v and 54?
9
Let u(n) = -2*n - 8. Let k be u(5). Let z = 20 + k. What is the greatest common factor of z and 5?
1
Let h be (3/(63/(-70)))/(4/(-6)). What is the greatest common factor of h and 65?
5
Let x = 33 + -29. Let g be (-2)/(-6) + (-550)/30. Let f = 26 + g. Calculate the highest common factor of f and x.
4
Suppose 5*p - 212 + 12 = 0. What is the highest common divisor of 128 and p?
8
Suppose -100 = -11*g + 7*g. Let z(k) = -k**2 + 17*k + 34. Let b be z(16). Calculate the greatest common divisor of g and b.
25
Let t = 51 + -25. Let d = -18 - 9. Let r be d/18 - t/(-4). Calculate the highest common factor of 5 and r.
5
Let g(l) = -l**2 - 19*l - 24. Let c be g(-11). Calculate the greatest common divisor of c and 32.
32
Let n(c) = c**2 + 12*c + 17. Let v = 31 - 42. Let g be n(v). What is the greatest common factor of 6 and g?
6
Suppose 5*f - 56 - 264 = 0. What is the highest common divisor of f and 24?
8
Suppose -3*w = 8 + 10. Let r be 5/(15/w) - 1. Let v = r - -5. Calculate the greatest common divisor of v and 18.
2
Let p = -127 - -223. Let t = 7 - -41. Calculate the highest common divisor of p and t.
48
Suppose 0*c - 1610 = -5*c. Suppose 9*f - c - 164 = 0. Calculate the greatest common divisor of 6 and f.
6
Let l(k) = k**2 + 8*k - 19. Let z = 37 + -47. Let u be l(z). Let h(n) = -n - 3. Let r be h(-6). Calculate the greatest common divisor of u and r.
1
Suppose 0 = -4*o - 3*i + 49, -2*o - o - 4*i + 42 = 0. Let n be (-10)/25 + 424/o. What is the greatest common divisor of n and 56?
14
Let p(k) = k + 2. Let m be p(-5). Let t be m/6*-8 - 2. Let x be t/6 + 16/6. What is the highest common factor of 1 and x?
1
Suppose -4*m - 6 = -10*m. Let f be -3 - -4*(3 - m). Suppose 1 - f = -2*q. Calculate the highest common factor of q and 22.
2
Let k = 106 + -1. Let y(f) = 20*f + 13 - 59*f + 17*f + 23*f. Let d be y(8). What is the greatest common divisor of d and k?
21
Suppose 0 = y + 6 -